092
In base 11, what is 5 + -101385?
-101380
In base 2, what is 111000111011 - 1?
111000111010
In base 12, what is -244035 + 0?
-244035
In base 8, what is 4 - 5160176?
-5160172
In base 2, what is -10100011 + 100100?
-1111111
In base 10, what is -3022 + -1?
-3023
In base 3, what is 201100220 - 1000?
201022220
In base 8, what is -1665 + -17?
-1704
In base 3, what is 122212211 - -10?
122212221
In base 16, what is -16a + 647?
4dd
In base 8, what is -31 + 1250?
1217
In base 13, what is 3 + -37374?
-37371
In base 11, what is 1996 + -302?
1694
In base 6, what is 10 - 1341101?
-1341051
In base 4, what is 23 + -1232310?
-1232221
In base 6, what is -334 + -53014?
-53352
In base 6, what is 22 - 202521?
-202455
In base 15, what is c3d8 - 3?
c3d5
In base 13, what is 1ca69 - -4?
1ca70
In base 6, what is -52225 + 0?
-52225
In base 3, what is 120102 + 2000121?
2121000
In base 2, what is -1110011111 + 1001010?
-1101010101
In base 2, what is 1000 + 10100100110010?
10100100111010
In base 16, what is b2 - -1b9?
26b
In base 14, what is 4 + 11b4?
11b8
In base 3, what is 112100221 - -2112?
112110110
In base 3, what is 220211 + 11001?
1001212
In base 10, what is 97525 + 5?
97530
In base 3, what is 100222010201 + -12?
100222010112
In base 10, what is -1460 - 24?
-1484
In base 8, what is -1 + -427635?
-427636
In base 8, what is -2260 - -36?
-2222
In base 10, what is -1892024 - -1?
-1892023
In base 5, what is 14 - -112312?
112331
In base 2, what is -10111 + -100111100100011?
-100111100111010
In base 9, what is 13 - -57017?
57031
In base 8, what is -2 - -326063?
326061
In base 6, what is -3 + -405132?
-405135
In base 4, what is 2323220 + 2?
2323222
In base 12, what is -32b9a6 - 1?
-32b9a7
In base 2, what is 1010110 - 111001110000?
-111000011010
In base 16, what is -153 + -cd5?
-e28
In base 5, what is 10 - 23443313?
-23443303
In base 13, what is -87 - 536?
-5c0
In base 12, what is -164a - 64?
-16b2
In base 13, what is -a4 - a29?
-b00
In base 11, what is -3754a83 + -2?
-3754a85
In base 15, what is 4 - -28a39?
28a3d
In base 16, what is -67 - 32?
-99
In base 4, what is 2233113 + 1011?
2300130
In base 9, what is -113231 - -5?
-113225
In base 13, what is -256 - 20?
-276
In base 2, what is -1100 + -1001000110?
-1001010010
In base 2, what is -101 + 10010000110?
10010000001
In base 5, what is 330131 - 4?
330122
In base 16, what is 20d - -9a?
2a7
In base 3, what is -1002022220 + -122?
-1002100112
In base 14, what is 2 + -ac401?
-ac3dd
In base 14, what is 12900b1 + 5?
12900b6
In base 14, what is 1 - 5a3b2?
-5a3b1
In base 2, what is 1110000 + -100011?
1001101
In base 16, what is 11a30 - -5?
11a35
In base 4, what is 11022230113 - -2?
11022230121
In base 2, what is 1100111101 - -1100111?
1110100100
In base 12, what is -4250 + 244?
-4008
In base 3, what is 11101 + 212001?
1000102
In base 13, what is -4084 - -2?
-4082
In base 6, what is -2044525 - -5?
-2044520
In base 5, what is -140 - 333200?
-333340
In base 12, what is -6 + -a782?
-a788
In base 4, what is -1113 + 23?
-1030
In base 11, what is -3 + -2358a?
-23592
In base 7, what is -3 + -132246?
-132252
In base 5, what is -43 + 211203?
211110
In base 2, what is 10 + 101100000000010?
101100000000100
In base 11, what is -8 + 326?
319
In base 9, what is -5 - 148440?
-148445
In base 5, what is -231 + -11140?
-11421
In base 6, what is -4 + 123241?
123233
In base 13, what is -2 - -183c2?
183c0
In base 15, what is 1e6a - 1?
1e69
In base 10, what is 1599 + 0?
1599
In base 6, what is -2 - -1011215?
1011213
In base 9, what is 106 - 2763?
-2656
In base 12, what is 12275 - 0?
12275
In base 3, what is 20 - 10211002122?
-10211002102
In base 9, what is 63077 + 13?
63101
In base 3, what is -2200 + 1210212?
1201012
In base 4, what is 2203 + -321012?
-312203
In base 11, what is 137715 - -6?
137720
In base 2, what is -1011000 + 1011100100?
1010001100
In base 15, what is -6b7c6 + -5?
-6b7cb
In base 2, what is 0 - -1010111110101100?
1010111110101100
In base 9, what is -2 - 510?
-512
In base 7, what is 406525 - 5?
406520
In base 12, what is -14284 - 7?
-1428b
In base 13, what is -2829 + 118?
-2711
In base 14, what is 1185 + -8?
117b
In base 12, what is -116 - 382?
-498
In base 7, what is 63 - 150261?
-150165
In base 13, what is -14 - 2a64?
-2a78
In base 3, what is -2 + -1220001010?
-1220001012
In base 10, what is -5 - -74840?
74835
In base 15, what is 12552 + -1?
12551
In base 14, what is 376 - -d1?
467
In base 4, what is 11 - 3120102121?
-3120102110
In base 7, what is 0 + 10052004?
10052004
In base 4, what is -33122 - 32121?
-131303
In base 12, what is 57 + 66b8?
6753
In base 6, what is -3 + -4111?
-4114
In base 7, what is -11 - 1105?
-1116
In base 5, what is 1 - -201234?
201240
In base 16, what is -df5 - -2a?
-dcb
In base 8, what is 555 + -1?
554
In base 9, what is 3106225 + 0?
3106225
In base 11, what is -a52 + -4?
-a56
In base 9, what is -1178177 - 1?
-1178178
In base 5, what is -2 + 421420?
421413
In base 12, what is 1bba4 - 1?
1bba3
In base 5, what is -4 - -300442?
300433
In base 10, what is -1 - 19010?
-19011
In base 10, what is 118298 - 0?
118298
In base 2, what is 1101000011010 + -11000?
1101000000010
In base 12, what is 13 + -956?
-943
In base 2, what is -110111111001 + -11100110?
-111011011111
In base 3, what is 21 - 1202121?
-1202100
In base 6, what is -2124 + -1021?
-3145
In base 10, what is 21 + -536?
-515
In base 7, what is -6 - -24?
15
In base 5, what is -21 + -2424421?
-2424442
In base 3, what is 10 - 11010020?
-11010010
In base 16, what is -4 - 911?
-915
In base 7, what is 2102 - -2266?
4401
In base 14, what is -1 + 2454?
2453
In base 14, what is 5a + -216?
-19a
In base 4, what is -320020 - -1013?
-313001
In base 15, what is 14b84 - -2?
14b86
In base 16, what is 4d + -600?
-5b3
In base 15, what is 3c + 54a?
587
In base 7, what is 2 - 43361?
-43356
In base 2, what is 1000 - 110001101000001?
-110001100111001
In base 15, what is -109ec + 5?
-109e7
In base 9, what is 72815 + -87?
72717
In base 14, what is -3b20 - 4?
-3b24
In base 4, what is 13212 - -123?
20001
In base 3, what is -11000 - 2020?
-20020
In base 6, what is -1135 + -4151?
-5330
In base 12, what is -17125 + -2?
-17127
In base 2, what is 10000 - 10101011101100?
-10101011011100
In base 2, what is -101 + 11011010111101?
11011010111000
In base 15, what is -5231c - 3?
-52320
In base 9, what is -128714 + 2?
-128712
In base 16, what is 3 + 4a64?
4a67
In base 16, what is 2f - 4929?
-48fa
In base 3, what is -12001211100 - 120?
-12001211220
In base 7, what is -2531042 - -4?
-2531035
In base 12, what is -4 - -76ba?
76b6
In base 16, what is 6b + -47?
24
In base 3, what is 10201002211 + 11?
10201002222
In base 8, what is -3 + -214?
-217
In base 13, what is 35 + 67c?
6b4
In base 3, what is 1110200001 + 1102?
1110201110
In base 6, what is -3 - -325504?
325501
In base 13, what is 156 + -127?
2c
In base 3, what is -101 - -1000011?
222210
In base 6, what is -4 - 544345?
-544353
In base 14, what is 80 - -c7?
167
In base 4, what is -2002 + 31132?
23130
In base 11, what is -287a2a - -1?
-287a29
In base 8, what is 1765705 + -1?
1765704
In base 3, what is 2220 - -21021?
101011
In base 8, what is -25457 - 145?
-25624
In base 10, what is -225475 - 5?
-225480
In base 6, what is 10 + -100115?
-100105
In base 3, what is 0 + 22200212220?
22200212220
In base 4, what is -1122101022 + 12?
-1122101010
In base 16, what is 393d + -1?
393c
In base 8, what is -210414 + -32?
-210446
In base 12, what is -131339a + -1?
-131339b
In base 13, what is -b7 - 184?
-26b
In base 11, what is -802 + -5?
-807
In base 2, what is 101000111101001 - -100?
101000111101101
In base 5, what is 12 + -1022210?
-1022143
In base 11, what is 34861 - 4?
34858
In base 9, what is -1065 - 40?
-1115
In base 10, what is -1 + -557?
-558
In base 13, what is 4904b9 + -1?
4904b8
In base 12, what is 539 - -7a?
5b7
In base 3, what is 1 - -11022201?
11022202
In base 11, what is 105a432 - -3?
105a435
In base 2, what is -1101 + 110100001010?
110011111101
In base 11, what is 2 + 16209?
16210
In base 12, what is -60101 + -4?
-60105
In base 3, what is 120020201 + -12?
120020112
In base 4, what is 2 - -222320002?
222320010
In base 7, what is -116 - -1463?
1344
In base 3, what is -1 - 1012211200?
-1012211201
In base 6, what is 3322 - -23?
3345
In base 13, what